nder when n is divided by 28?
22
Let f = 39 + -45. Let o be -4 + (-6)/4*f. Suppose c = -o + 14. Calculate the remainder when 11 is divided by c.
2
Let z be (0 + -9)*1794/(-18) + 0. Suppose 2*m - 8*x = -6*x + 606, -3*m - x = -z. Calculate the remainder when m is divided by 7.
6
Let k(o) = o**3 + 14*o**2 - 12*o + 15. Let i be k(-10). Suppose i*n - 536*n = -12. What is the remainder when 129 is divided by n?
9
Suppose 0 = 2*r - 2*y - 30, 9*r + 42*y - 171 = 45*y. Let l(d) = d + 14. What is the remainder when r is divided by l(-6)?
5
Let u(x) = x**3 - 54*x**2 + 59*x + 281. Calculate the remainder when u(53) is divided by 158.
125
Suppose -2*m - 14 = -3*o, 6*m - 5*m + 2*o = 0. What is the remainder when 192 is divided by m*(-7)/(-28) - -40?
36
Let a be 62*4/8 - -1. Let s = -20 + a. What is the remainder when s/(-18)*111/(2 + -3) is divided by 13?
9
Let l(r) = -13*r - 59. Let k(m) = m**3 + 33*m**2 - 71*m + 106. Calculate the remainder when k(-35) is divided by l(-5).
3
Suppose 65*p - 9*p = 5*p + 816. Calculate the remainder when 39 is divided by p.
7
Suppose 2*w - 630 = -z, -5*z + 1266 = w + 3*w. What is the remainder when w is divided by 28?
6
Suppose 19*m + 18 = 21*m. Suppose -4*p = 12, -2*b - 5*p = -2*p + 7. Let v = b - -4. Calculate the remainder when m is divided by v.
4
Let k = -21210 + 21353. Calculate the remainder when 813 is divided by k.
98
Suppose 69*x - 57 = 67*x + 5*w, x - 22 = -4*w. What is the remainder when 145 is divided by x?
15
Let o(h) = 0 + 2*h + 12937*h**2 + 0 - h**3 - 12935*h**2. Let u(d) = -d**3 - d**2 + d - 2. Let w be u(0). What is the remainder when 46 is divided by o(w)?
10
Suppose 42*l - 3509 = 295 + 606. What is the remainder when l is divided by 58?
47
Let p(d) = -43*d + 131. Let a be p(3). Suppose -y = 4*c - 88, -a*y = -4*y + 4*c + 188. What is the remainder when y is divided by 30?
2
Let o = 13003 - 12973. Calculate the remainder when 59 is divided by o.
29
Suppose 2*v = -3*n + 13, v = -7*n + 9*n + 3. Let x(p) = -6*p + 62. Calculate the remainder when x(v) is divided by 14.
4
Let r = -11007 + 11430. What is the remainder when r is divided by 56?
31
Suppose 2*a = 4*z - 24, 5*z - 4*a + 14 = 50. Let s(l) = -15*l - 21*l - 11 + 39*l. Calculate the remainder when 4 is divided by s(z).
0
Let p = -4194 - -4293. Suppose -f = 5*u + 198, -4*u + 0*f + f - 162 = 0. Let i = p + u. Calculate the remainder when i is divided by 20.
19
Suppose 74 + 50 = 10*f + 34. What is the remainder when f is divided by 3?
0
Let q(c) = -10*c - 194. Calculate the remainder when 1208 is divided by q(-27).
68
Suppose 23*f - 2067 = 2947. Suppose -f = -420*w + 418*w. What is the remainder when w is divided by 8?
5
Let n(w) = w**3 + 19*w**2 - 67*w + 607. Let v = 66 + -40. Calculate the remainder when n(-23) is divided by v.
6
Suppose 9*p = 16 + 20. Suppose -4*t + 7*t - 60 = -w, -p*t + 80 = 4*w. What is the remainder when (-10)/25 - (-594)/10 is divided by t?
19
Suppose -194 - 186 = -20*y. Let s(n) = -n**2 - 6*n. Calculate the remainder when y is divided by s(-5).
4
Let y(g) = 1345*g**3 - 129*g + 246. What is the remainder when y(2) is divided by 112?
108
Let g be (-687)/(-12) - 4/(-5 + 21). Suppose g*f = 53*f + 28. What is the remainder when 17 is divided by f?
3
Let q be ((-15)/(-9))/((-2)/(-60)). What is the remainder when q*(5 - 1 - 3) is divided by 11?
6
Let a = 0 - 158. Let g = a + 608. Suppose 3*h = -6*h + g. What is the remainder when 147 is divided by h?
47
Suppose 0 = 3*q - 5*h - 55, 2*q + 15*h - 5 = 12*h. What is the remainder when 48 is divided by (-25)/(-5) - q - (-16 - -2)?
3
Let p(m) = -m**3 + 9*m**2 - 8*m - 10. Let d be p(7). Suppose 0 = a + 3*a - d. Suppose a*w + 80 = 240. What is the remainder when 58 is divided by w?
18
Suppose 0 = -352*x + 361*x - 45. Suppose -4*q - k = 2*k - 73, x*q - 92 = -4*k. What is the remainder when 47 is divided by q?
15
Suppose -26*m + 51*m = 1050. What is the remainder when 126 is divided by m?
0
Suppose 0 = 21*y - 25*y + 100. Suppose 3939 = 14*v + y*v. What is the remainder when v is divided by 52?
49
Suppose 4*t + 30 = a, a + 80*t - 83*t = 30. Calculate the remainder when 16*-2*(-11)/4 is divided by a.
28
Suppose -197 = 3*w + a, -195 - 137 = 5*w - 2*a. Let i be (-4 - w/18)*-15. What is the remainder when (-2278)/(-170) + (-1)/(i/2) is divided by 6?
1
Let q be 2/((-4)/(-5)) + (-17)/(-34). Suppose 3*i + 5 = -1, 174 = q*h + 3*i. Calculate the remainder when h is divided by 21.
18
What is the remainder when 76 - 0/(-3 + 2) is divided by ((-609)/(-145))/(5/((-900)/(-27)))?
20
Let l = -1928 - -3044. Calculate the remainder when l is divided by 112.
108
Let u(q) = 64*q - 133 - 5*q - 4*q. What is the remainder when 60 is divided by u(3)?
28
Let b be 7/2*(-1 + 34/14). Suppose r - 5*c = -16, b*r - 3 = 4*c + 1. What is the remainder when 3966/36 - r/24 is divided by 56?
54
Suppose -5*q - 11*p - 6*p + 11232 = 0, 0 = 3*q + 4*p - 6795. What is the remainder when q is divided by 17?
16
Suppose -319 = 2*s - 353. Suppose -k + 3*n - 885 = 0, 5*k + 3*n + 0*n + 4461 = 0. What is the remainder when ((-1)/(-3))/((-9)/k) is divided by s?
16
Calculate the remainder when 1297 is divided by 25376/352 - ((-6)/(-66) + 0).
1
Suppose -22*l = -21*l - 4*q - 281, -l - q + 256 = 0. What is the remainder when l is divided by 58?
29
Let z(o) = -74*o - 4. Let m be z(-1). Suppose 5*r - 4*r - m = 0. What is the remainder when r is divided by (3 + (-78)/18)*(-54)/4?
16
Let w be (16/14)/(8/28). Suppose 3*y = 2*o + 2, o + w*y - 9 = 3*y. Suppose o*n - 72 = 73. Calculate the remainder when 142 is divided by n.
26
Calculate the remainder when ((-24)/(-408))/(1/3383) is divided by 100.
99
Suppose -516 = -14*z + 8*z. Suppose 2*m = 2*u + 250, -4*m + 0*u = -u - 512. Let b = m - z. Calculate the remainder when b is divided by 23.
20
Suppose -36*l + 114 = -20*l - 30. What is the remainder when 8/(-2)*23/(-4) is divided by l?
5
Let s(l) = 3*l**2 + l + 14. Suppose -3*a + 13 = 28. Calculate the remainder when s(a) is divided by 43.
41
Suppose -18*w + 1558 = 33*w - 10*w. What is the remainder when 104 is divided by w?
28
Suppose 145 = s + 3*x, -55*x = -51*x - 20. Calculate the remainder when s is divided by 107.
23
Let t = -85 + 102. Let s = t - 23. What is the remainder when (-2 + 0 + -1)/(s/68) is divided by 5?
4
Suppose -2*b + z + 1466 = 638, 0 = b - 5*z - 387. What is the remainder when b is divided by 107?
96
Suppose -47*l + 36*l - 60378 = -185*l. What is the remainder when l is divided by 179?
168
Let b be (36 - 34) + (7 - -1). Suppose 0 = 13*r - b*r - 33. Let q = r + 74. What is the remainder when q is divided by 43?
42
Suppose -16*v + 1251 + 778 - 157 = 0. What is the remainder when v is divided by 66?
51
Suppose 0 = -15*l - 31972 + 43657. What is the remainder when l is divided by 198?
185
Suppose -7*u - 1022 = -21*u. Suppose 5*t = 3*a + t - u, 5*t = -5*a + 110. Let w = 26 + 65. Calculate the remainder when w is divided by a.
22
Let h be 11 + 2/(-3 - -4). Calculate the remainder when 292 is divided by ((-42)/(-8) - h/52) + 15.
12
Suppose -18*u = 127 - 667. Let v = -3 + 5. Suppose -4*i - 3*q - u = -7*i, 2 = v*q. What is the remainder when 40 is divided by i?
7
Suppose -4*v + 59 = -3*v. Let x = 9232 + -9215. Calculate the remainder when v is divided by x.
8
Suppose 88 = 4*s + 644. Let k = s + 191. Let o = 39 - 30. Calculate the remainder when k is divided by o.
7
Suppose -7*i + 4 = -24. Suppose -3*v + i*s = 165, 3*v + 4*s = -110 - 55. Let x = -36 - v. What is the remainder when x is divided by 9?
1
Let t be (25/(-10))/(1/2). Calculate the remainder when 11/(2 - (-9)/t) is divided by 30.
25
Let x(q) = q**3 + 27*q**2 - 81*q + 45. Let p be x(-26). Suppose 12*y - p - 437 = 0. Calculate the remainder when y is divided by 7.
6
Suppose 107 - 257 = -3*g. Suppose c + n - g = 259, -8 = 4*n. What is the remainder when c is divided by 78?
77
Let s be 0 - -1 - (-3 + 1). Suppose -2*g + 2*x = -x + 9, -3*g - 6 = s*x. What is the remainder when (3/(-1) - (-15)/g)*-5 is divided by 22?
18
Let p = 5035 - 8537. Let b = p - -5242. What is the remainder when 64 is divided by (-2)/11 - (b/66)/(-2)?
12
Let n(d) = -3*d + 3. Let o be n(0). Let k be (-6219)/(-27) - (-5)/o. Suppose -5*i = -i - k. Calculate the remainder when i is divided by 20.
18
Let r(s) = -18*s + 4. Let y be